{"id":1538,"date":"2019-01-29T21:54:21","date_gmt":"2019-01-29T20:54:21","guid":{"rendered":"http:\/\/sosamitie34.fr\/?post_type=project&#038;p=1538"},"modified":"2019-02-08T18:07:12","modified_gmt":"2019-02-08T17:07:12","slug":"rcf-a-propos-le-25-janvier-2019","status":"publish","type":"project","link":"https:\/\/sosamitie34.fr\/?project=rcf-a-propos-le-25-janvier-2019","title":{"rendered":"RCF &#8211; A PROPOS &#8211; le 29 janvier 2019"},"content":{"rendered":"<p>[et_pb_section bb_built=\u00a0\u00bb1&Prime; admin_label=\u00a0\u00bbsection\u00a0\u00bb][et_pb_row admin_label=\u00a0\u00bbrow\u00a0\u00bb][et_pb_column type=\u00a0\u00bb1_2&Prime;][et_pb_text admin_label=\u00a0\u00bbTexte\u00a0\u00bb background_layout=\u00a0\u00bblight\u00a0\u00bb text_orientation=\u00a0\u00bbleft\u00a0\u00bb use_border_color=\u00a0\u00bboff\u00a0\u00bb border_color=\u00a0\u00bb#ffffff\u00a0\u00bb border_style=\u00a0\u00bbsolid\u00a0\u00bb]<\/p>\n<h1 class=\"title-content\">Le poids du secret de famille<\/h1>\n<h3><a href=\"https:\/\/rcf.fr\/vie-quotidienne\/le-poids-du-secret-de-famille\" target=\"_blank\" rel=\"noopener\">Ecouter l&rsquo;int\u00e9gralit\u00e9 de l&rsquo;\u00e9mission \u00ab\u00a0A PROPOS\u00a0\u00bb du 25 janvier 2019<\/a><\/h3>\n<p>Table ronde propos\u00e9e par RCF Radio Maguelone H\u00e9rault<a href=\"https:\/\/rcf.fr\/vie-quotidienne\/le-poids-du-secret-de-famille\" target=\"_blank\" rel=\"noopener\">\u00a0<img loading=\"lazy\" decoding=\"async\" class=\"alignleft wp-image-1421\" src=\"https:\/\/sosamitie34.fr\/wp-content\/uploads\/2018\/08\/RCF_LOGO_MAGUELONE_HERAULT_QUADRI-1-1024x871.png\" alt=\"\" width=\"109\" height=\"93\" srcset=\"https:\/\/sosamitie34.fr\/wp-content\/uploads\/2018\/08\/RCF_LOGO_MAGUELONE_HERAULT_QUADRI-1-1024x871.png 1024w, https:\/\/sosamitie34.fr\/wp-content\/uploads\/2018\/08\/RCF_LOGO_MAGUELONE_HERAULT_QUADRI-1-300x255.png 300w, https:\/\/sosamitie34.fr\/wp-content\/uploads\/2018\/08\/RCF_LOGO_MAGUELONE_HERAULT_QUADRI-1-768x653.png 768w, https:\/\/sosamitie34.fr\/wp-content\/uploads\/2018\/08\/RCF_LOGO_MAGUELONE_HERAULT_QUADRI-1-1080x918.png 1080w, https:\/\/sosamitie34.fr\/wp-content\/uploads\/2018\/08\/RCF_LOGO_MAGUELONE_HERAULT_QUADRI-1.png 1181w\" sizes=\"auto, (max-width: 109px) 100vw, 109px\" \/><\/a><\/p>\n<p>&nbsp;<\/p>\n<p>&nbsp;<\/p>\n<p>en pr\u00e9sence de<br \/>\n<strong>Jean No\u00ebl<\/strong>\u00a0<strong>Pintard<\/strong>\u00a0, pr\u00e9sident, SOS Amiti\u00e9 Montpellier Languedoc,<br \/>\n<strong>C\u00e9cile<\/strong>\u00a0<strong>Fouquet<\/strong>\u00a0, pr\u00e9sidente Contact H\u00e9rault<br \/>\n<strong>Catherine<\/strong>\u00a0<strong>Favre<\/strong>\u00a0, pr\u00e9sidente, Vivre son deuil<br \/>\n<strong>Evelyne\u00a0<\/strong><strong>Flavier<\/strong>\u00a0, pr\u00e9sidente, Jonathan Pierres Vivantes<\/p>\n<p>[\/et_pb_text][\/et_pb_column][et_pb_column type=\u00a0\u00bb1_2&Prime;][et_pb_image admin_label=\u00a0\u00bbImage\u00a0\u00bb src=\u00a0\u00bbhttps:\/\/sosamitie34.fr\/wp-content\/uploads\/2019\/01\/RCF-Prevention-suicide-janv2019-3.jpg\u00a0\u00bb show_in_lightbox=\u00a0\u00bboff\u00a0\u00bb url_new_window=\u00a0\u00bboff\u00a0\u00bb use_overlay=\u00a0\u00bboff\u00a0\u00bb animation=\u00a0\u00bbleft\u00a0\u00bb sticky=\u00a0\u00bboff\u00a0\u00bb align=\u00a0\u00bbleft\u00a0\u00bb force_fullwidth=\u00a0\u00bboff\u00a0\u00bb always_center_on_mobile=\u00a0\u00bbon\u00a0\u00bb use_border_color=\u00a0\u00bboff\u00a0\u00bb border_color=\u00a0\u00bb#ffffff\u00a0\u00bb border_style=\u00a0\u00bbsolid\u00a0\u00bb \/][\/et_pb_column][\/et_pb_row][\/et_pb_section]<\/p>\n","protected":false},"excerpt":{"rendered":"<p>Le poids du secret de famille Ecouter l&rsquo;int\u00e9gralit\u00e9 de l&rsquo;\u00e9mission \u00ab\u00a0A PROPOS\u00a0\u00bb du 25 janvier 2019 Table ronde propos\u00e9e par RCF Radio Maguelone H\u00e9rault\u00a0 &nbsp; &nbsp; en pr\u00e9sence de Jean No\u00ebl\u00a0Pintard\u00a0, pr\u00e9sident, SOS Amiti\u00e9 Montpellier Languedoc, C\u00e9cile\u00a0Fouquet\u00a0, pr\u00e9sidente Contact H\u00e9rault Catherine\u00a0Favre\u00a0, pr\u00e9sidente, Vivre son deuil Evelyne\u00a0Flavier\u00a0, pr\u00e9sidente, Jonathan Pierres Vivantes<\/p>\n","protected":false},"author":1,"featured_media":1542,"comment_status":"closed","ping_status":"closed","template":"","meta":{"_et_pb_use_builder":"on","_et_pb_old_content":"","_et_gb_content_width":"","footnotes":""},"project_category":[11],"project_tag":[],"class_list":["post-1538","project","type-project","status-publish","has-post-thumbnail","hentry","project_category-radio-ecoute"],"_links":{"self":[{"href":"https:\/\/sosamitie34.fr\/index.php?rest_route=\/wp\/v2\/project\/1538","targetHints":{"allow":["GET"]}}],"collection":[{"href":"https:\/\/sosamitie34.fr\/index.php?rest_route=\/wp\/v2\/project"}],"about":[{"href":"https:\/\/sosamitie34.fr\/index.php?rest_route=\/wp\/v2\/types\/project"}],"author":[{"embeddable":true,"href":"https:\/\/sosamitie34.fr\/index.php?rest_route=\/wp\/v2\/users\/1"}],"replies":[{"embeddable":true,"href":"https:\/\/sosamitie34.fr\/index.php?rest_route=%2Fwp%2Fv2%2Fcomments&post=1538"}],"version-history":[{"count":6,"href":"https:\/\/sosamitie34.fr\/index.php?rest_route=\/wp\/v2\/project\/1538\/revisions"}],"predecessor-version":[{"id":1567,"href":"https:\/\/sosamitie34.fr\/index.php?rest_route=\/wp\/v2\/project\/1538\/revisions\/1567"}],"wp:featuredmedia":[{"embeddable":true,"href":"https:\/\/sosamitie34.fr\/index.php?rest_route=\/wp\/v2\/media\/1542"}],"wp:attachment":[{"href":"https:\/\/sosamitie34.fr\/index.php?rest_route=%2Fwp%2Fv2%2Fmedia&parent=1538"}],"wp:term":[{"taxonomy":"project_category","embeddable":true,"href":"https:\/\/sosamitie34.fr\/index.php?rest_route=%2Fwp%2Fv2%2Fproject_category&post=1538"},{"taxonomy":"project_tag","embeddable":true,"href":"https:\/\/sosamitie34.fr\/index.php?rest_route=%2Fwp%2Fv2%2Fproject_tag&post=1538"}],"curies":[{"name":"wp","href":"https:\/\/api.w.org\/{rel}","templated":true}]}}

<p>[et_pb_section bb_built= »1&Prime; admin_label= »section »][et_pb_row admin_label= »row »][et_pb_column type= »1_2&Prime;][et_pb_text admin_label= »Texte » background_layout= »light » text_orientation= »left » use_border_color= »off » border_color= »#ffffff » border_style= »solid »]</p>
<h1 class="title-content">Le poids du secret de famille</h1>
<h3><a href="https://rcf.fr/vie-quotidienne/le-poids-du-secret-de-famille" target="_blank" rel="noopener">Ecouter l&rsquo;intégralité de l&rsquo;émission « A PROPOS » du 25 janvier 2019</a></h3>
<p>Table ronde proposée par RCF Radio Maguelone Hérault<a href="https://rcf.fr/vie-quotidienne/le-poids-du-secret-de-famille" target="_blank" rel="noopener"> <img loading="lazy" decoding="async" class="alignleft wp-image-1421" src="https://sosamitie34.fr/wp-content/uploads/2018/08/RCF_LOGO_MAGUELONE_HERAULT_QUADRI-1-1024x871.png" alt="" width="109" height="93" srcset="https://sosamitie34.fr/wp-content/uploads/2018/08/RCF_LOGO_MAGUELONE_HERAULT_QUADRI-1-1024x871.png 1024w, https://sosamitie34.fr/wp-content/uploads/2018/08/RCF_LOGO_MAGUELONE_HERAULT_QUADRI-1-300x255.png 300w, https://sosamitie34.fr/wp-content/uploads/2018/08/RCF_LOGO_MAGUELONE_HERAULT_QUADRI-1-768x653.png 768w, https://sosamitie34.fr/wp-content/uploads/2018/08/RCF_LOGO_MAGUELONE_HERAULT_QUADRI-1-1080x918.png 1080w, https://sosamitie34.fr/wp-content/uploads/2018/08/RCF_LOGO_MAGUELONE_HERAULT_QUADRI-1.png 1181w" sizes="auto, (max-width: 109px) 100vw, 109px" /></a></p>
<p>&nbsp;</p>
<p>&nbsp;</p>
<p>en présence de<br />
<strong>Jean Noël</strong> <strong>Pintard</strong> , président, SOS Amitié Montpellier Languedoc,<br />
<strong>Cécile</strong> <strong>Fouquet</strong> , présidente Contact Hérault<br />
<strong>Catherine</strong> <strong>Favre</strong> , présidente, Vivre son deuil<br />
<strong>Evelyne </strong><strong>Flavier</strong> , présidente, Jonathan Pierres Vivantes</p>
<p>[/et_pb_text][/et_pb_column][et_pb_column type= »1_2&Prime;][et_pb_image admin_label= »Image » src= »https://sosamitie34.fr/wp-content/uploads/2019/01/RCF-Prevention-suicide-janv2019-3.jpg » show_in_lightbox= »off » url_new_window= »off » use_overlay= »off » animation= »left » sticky= »off » align= »left » force_fullwidth= »off » always_center_on_mobile= »on » use_border_color= »off » border_color= »#ffffff » border_style= »solid » /][/et_pb_column][/et_pb_row][/et_pb_section]</p>

<p>Le poids du secret de famille Ecouter l&rsquo;intégralité de l&rsquo;émission « A PROPOS » du 25 janvier 2019 Table ronde proposée par RCF Radio Maguelone Hérault  &nbsp; &nbsp; en présence de Jean Noël Pintard , président, SOS Amitié Montpellier Languedoc, Cécile Fouquet , présidente Contact Hérault Catherine Favre , présidente, Vivre son deuil Evelyne Flavier , présidente, Jonathan Pierres Vivantes</p>
