{"id":1457,"date":"2017-01-16T17:51:05","date_gmt":"2017-01-16T16:51:05","guid":{"rendered":"http:\/\/sosamitie34.fr\/?post_type=project&#038;p=1457"},"modified":"2018-08-25T18:00:43","modified_gmt":"2018-08-25T16:00:43","slug":"radio-fm-plus-propos-sur-le-theme-prevenir-le-suicide-janvier-2017","status":"publish","type":"project","link":"https:\/\/sosamitie34.fr\/?project=radio-fm-plus-propos-sur-le-theme-prevenir-le-suicide-janvier-2017","title":{"rendered":"Radio FM Plus &#8211; \u00ab\u00a0Propos\u00a0\u00bb sur le th\u00e8me \u00ab\u00a0Prevenir le suicide\u00a0\u00bb janvier 2017"},"content":{"rendered":"<p>[et_pb_section bb_built=\u00a0\u00bb1&Prime; admin_label=\u00a0\u00bbsection\u00a0\u00bb][et_pb_row admin_label=\u00a0\u00bbrow\u00a0\u00bb][et_pb_column type=\u00a0\u00bb4_4&Prime;][et_pb_text admin_label=\u00a0\u00bbTexte\u00a0\u00bb background_layout=\u00a0\u00bblight\u00a0\u00bb text_orientation=\u00a0\u00bbleft\u00a0\u00bb use_border_color=\u00a0\u00bboff\u00a0\u00bb border_color=\u00a0\u00bb#ffffff\u00a0\u00bb border_style=\u00a0\u00bbsolid\u00a0\u00bb]<\/p>\n<p>\u00ab\u00a0Propos\u00a0\u00bb sur le th\u00e8me \u00ab\u00a0Prevenir le suicide\u00a0\u00bb du 10 janvier 2017<a href=\"http:\/\/www.radiofmplus.org\/vivre-ensemble-lecoute-a-sos-amitie\/\" target=\"_blank\" rel=\"noopener\"><img loading=\"lazy\" decoding=\"async\" class=\"alignleft size-full wp-image-1458\" src=\"https:\/\/sosamitie34.fr\/wp-content\/uploads\/2018\/08\/Logo-radioFM-Plus.jpeg\" alt=\"\" width=\"125\" height=\"125\" \/><\/a><\/p>\n<p>\u00ab\u00a0Jean-No\u00ebl Pintard invite les deux associations\u00a0<a href=\"http:\/\/www.asso-contact.org\/34\/\"><strong>Contact H\u00e9rault\u00a0<\/strong><\/a>repr\u00e9sent\u00e9e par Madame C\u00e9cile Fouquet, et\u00a0<a href=\"http:\/\/www.anjpv.org\/\"><strong>Jonathan Pierres vivantes\u00a0<\/strong><\/a>\u00a0avec Madame Evelyne Flavier. Ces trois associations, et\u00a0<a href=\"http:\/\/vivresondeuil.asso.fr\/\"><strong>Vivre son deuil<\/strong><\/a>, non repr\u00e9sent\u00e9e lors de cette \u00e9mission, participent \u00e0 la Journ\u00e9e nationale de pr\u00e9vention du suicide, dat\u00e9e le jeudi 2 f\u00e9vrier 2017. Cette journ\u00e9e \u00e0 l&rsquo;initiative de\u00a0<a href=\"http:\/\/www.unps.fr\/\"><strong>l&rsquo;UNPS (Union natinale de pr\u00e9vention du suicide)<\/strong><\/a>\u00a0a pour th\u00e8me\u00a0<em>relier, communiquer, prendre soin.\u00a0<\/em>A cette occasion, le mercredi 1er f\u00e9vrier au cin\u00e9ma le<a href=\"http:\/\/www.cinediagonal.com\/\"><strong>\u00a0Diagonal<\/strong><\/a>\u00a0\u00e0 Montpellier, et \u00e0 la suite de la projection du film de Vanja d&rsquo;Alcantara,\u00a0<a href=\"http:\/\/www.telerama.fr\/cinema\/films\/le-coeur-regulier,506888.php\"><strong>Le Coeur r\u00e9gulier,<\/strong><\/a>\u00a0un d\u00e9bat sera anim\u00e9 par Jean-No\u00ebl Pintard.\u00a0\u00bb<\/p>\n<p>&nbsp;<\/p>\n<p>[\/et_pb_text][\/et_pb_column][\/et_pb_row][\/et_pb_section]<\/p>\n","protected":false},"excerpt":{"rendered":"<p>\u00ab\u00a0Propos\u00a0\u00bb sur le th\u00e8me \u00ab\u00a0Prevenir le suicide\u00a0\u00bb du 10 janvier 2017 \u00ab\u00a0Jean-No\u00ebl Pintard invite les deux associations\u00a0Contact H\u00e9rault\u00a0repr\u00e9sent\u00e9e par Madame C\u00e9cile Fouquet, et\u00a0Jonathan Pierres vivantes\u00a0\u00a0avec Madame Evelyne Flavier. Ces trois associations, et\u00a0Vivre son deuil, non repr\u00e9sent\u00e9e lors de cette \u00e9mission, participent \u00e0 la Journ\u00e9e nationale de pr\u00e9vention du suicide, dat\u00e9e le jeudi 2 f\u00e9vrier 2017. [&hellip;]<\/p>\n","protected":false},"author":1,"featured_media":1459,"comment_status":"closed","ping_status":"closed","template":"","meta":{"_et_pb_use_builder":"on","_et_pb_old_content":"","_et_gb_content_width":"","footnotes":""},"project_category":[11],"project_tag":[],"class_list":["post-1457","project","type-project","status-publish","has-post-thumbnail","hentry","project_category-radio-ecoute"],"_links":{"self":[{"href":"https:\/\/sosamitie34.fr\/index.php?rest_route=\/wp\/v2\/project\/1457","targetHints":{"allow":["GET"]}}],"collection":[{"href":"https:\/\/sosamitie34.fr\/index.php?rest_route=\/wp\/v2\/project"}],"about":[{"href":"https:\/\/sosamitie34.fr\/index.php?rest_route=\/wp\/v2\/types\/project"}],"author":[{"embeddable":true,"href":"https:\/\/sosamitie34.fr\/index.php?rest_route=\/wp\/v2\/users\/1"}],"replies":[{"embeddable":true,"href":"https:\/\/sosamitie34.fr\/index.php?rest_route=%2Fwp%2Fv2%2Fcomments&post=1457"}],"version-history":[{"count":4,"href":"https:\/\/sosamitie34.fr\/index.php?rest_route=\/wp\/v2\/project\/1457\/revisions"}],"predecessor-version":[{"id":1463,"href":"https:\/\/sosamitie34.fr\/index.php?rest_route=\/wp\/v2\/project\/1457\/revisions\/1463"}],"wp:featuredmedia":[{"embeddable":true,"href":"https:\/\/sosamitie34.fr\/index.php?rest_route=\/wp\/v2\/media\/1459"}],"wp:attachment":[{"href":"https:\/\/sosamitie34.fr\/index.php?rest_route=%2Fwp%2Fv2%2Fmedia&parent=1457"}],"wp:term":[{"taxonomy":"project_category","embeddable":true,"href":"https:\/\/sosamitie34.fr\/index.php?rest_route=%2Fwp%2Fv2%2Fproject_category&post=1457"},{"taxonomy":"project_tag","embeddable":true,"href":"https:\/\/sosamitie34.fr\/index.php?rest_route=%2Fwp%2Fv2%2Fproject_tag&post=1457"}],"curies":[{"name":"wp","href":"https:\/\/api.w.org\/{rel}","templated":true}]}}

Radio FM Plus &#8211; « Propos » sur le thème « Prevenir le suicide » janvier 2017

<p>[et_pb_section bb_built= »1&Prime; admin_label= »section »][et_pb_row admin_label= »row »][et_pb_column type= »4_4&Prime;][et_pb_text admin_label= »Texte » background_layout= »light » text_orientation= »left » use_border_color= »off » border_color= »#ffffff » border_style= »solid »]</p>
<p>« Propos » sur le thème « Prevenir le suicide » du 10 janvier 2017<a href="http://www.radiofmplus.org/vivre-ensemble-lecoute-a-sos-amitie/" target="_blank" rel="noopener"><img loading="lazy" decoding="async" class="alignleft size-full wp-image-1458" src="https://sosamitie34.fr/wp-content/uploads/2018/08/Logo-radioFM-Plus.jpeg" alt="" width="125" height="125" /></a></p>
<p>« Jean-Noël Pintard invite les deux associations <a href="http://www.asso-contact.org/34/"><strong>Contact Hérault </strong></a>représentée par Madame Cécile Fouquet, et <a href="http://www.anjpv.org/"><strong>Jonathan Pierres vivantes </strong></a> avec Madame Evelyne Flavier. Ces trois associations, et <a href="http://vivresondeuil.asso.fr/"><strong>Vivre son deuil</strong></a>, non représentée lors de cette émission, participent à la Journée nationale de prévention du suicide, datée le jeudi 2 février 2017. Cette journée à l&rsquo;initiative de <a href="http://www.unps.fr/"><strong>l&rsquo;UNPS (Union natinale de prévention du suicide)</strong></a> a pour thème <em>relier, communiquer, prendre soin. </em>A cette occasion, le mercredi 1er février au cinéma le<a href="http://www.cinediagonal.com/"><strong> Diagonal</strong></a> à Montpellier, et à la suite de la projection du film de Vanja d&rsquo;Alcantara, <a href="http://www.telerama.fr/cinema/films/le-coeur-regulier,506888.php"><strong>Le Coeur régulier,</strong></a> un débat sera animé par Jean-Noël Pintard. »</p>
<p>&nbsp;</p>
<p>[/et_pb_text][/et_pb_column][/et_pb_row][/et_pb_section]</p>

<p>« Propos » sur le thème « Prevenir le suicide » du 10 janvier 2017 « Jean-Noël Pintard invite les deux associations Contact Hérault représentée par Madame Cécile Fouquet, et Jonathan Pierres vivantes  avec Madame Evelyne Flavier. Ces trois associations, et Vivre son deuil, non représentée lors de cette émission, participent à la Journée nationale de prévention du suicide, datée le jeudi 2 février 2017. [&hellip;]</p>
