{"id":2113,"date":"2026-03-10T11:11:37","date_gmt":"2026-03-10T10:11:37","guid":{"rendered":"https:\/\/sosamitie34.fr\/?page_id=2113"},"modified":"2026-05-05T19:00:09","modified_gmt":"2026-05-05T17:00:09","slug":"mentions-legales","status":"publish","type":"page","link":"https:\/\/sosamitie34.fr\/?page_id=2113","title":{"rendered":"Mentions l\u00e9gales"},"content":{"rendered":"<p>[et_pb_section fb_built=\u00a0\u00bb1&Prime; admin_label=\u00a0\u00bbsection\u00a0\u00bb _builder_version=\u00a0\u00bb3.22&Prime; global_colors_info=\u00a0\u00bb{}\u00a0\u00bb][et_pb_row admin_label=\u00a0\u00bbrow\u00a0\u00bb _builder_version=\u00a0\u00bb3.25&Prime; background_size=\u00a0\u00bbinitial\u00a0\u00bb background_position=\u00a0\u00bbtop_left\u00a0\u00bb background_repeat=\u00a0\u00bbrepeat\u00a0\u00bb global_colors_info=\u00a0\u00bb{}\u00a0\u00bb][et_pb_column type=\u00a0\u00bb4_4&Prime; _builder_version=\u00a0\u00bb3.25&Prime; custom_padding=\u00a0\u00bb|||\u00a0\u00bb global_colors_info=\u00a0\u00bb{}\u00a0\u00bb custom_padding__hover=\u00a0\u00bb|||\u00a0\u00bb][et_pb_text admin_label=\u00a0\u00bbText\u00a0\u00bb _builder_version=\u00a0\u00bb4.11.2&Prime; background_size=\u00a0\u00bbinitial\u00a0\u00bb background_position=\u00a0\u00bbtop_left\u00a0\u00bb background_repeat=\u00a0\u00bbrepeat\u00a0\u00bb hover_enabled=\u00a0\u00bb0&Prime; global_colors_info=\u00a0\u00bb{}\u00a0\u00bb sticky_enabled=\u00a0\u00bb0&Prime;]<\/p>\n<p>&nbsp;<\/p>\n<h1 class=\"ccm-block-page-title page-title\">Mentions l\u00e9gales<\/h1>\n<p><strong>Informations \u00e9diteurs<\/strong><br \/>Le site www.<a href=\"https:\/\/sosamitie34.fr\/\">sosamitie34.fr<\/a> est g\u00e9r\u00e9 par S.O.S. Amiti\u00e9 Montpellier Languedoc BP 6040 34030 MontpellierCedex 1 T\u00e9l\u00e9phone :06 98 48 00 63 Courriel:<a href=\"mailto:direction@montpellier.sosamitie.org\" target=\"_blank\" rel=\"noopener\">direction@montpellier.<wbr \/>sosamitie.org<\/a><\/p>\n<p>Directeur de la publication :\u00a0 Jean Noel Pintard, Pr\u00e9sident<\/p>\n<p><strong>H\u00e9bergement<\/strong><br \/>Ce site est h\u00e9berg\u00e9 par OVH SAS 2 rue Kellermann &#8211; 59100 Roubaix &#8211; France<br \/>L&rsquo;h\u00e9bergement est assur\u00e9 sur des serveurs situ\u00e9s en France, garantissant la s\u00e9curit\u00e9 et la confidentialit\u00e9 des donn\u00e9es.<\/p>\n<p><strong>Objectifs du site<\/strong><br \/>Ce site est destin\u00e9 au grand public, aux acteurs publics ou priv\u00e9s, professionnels ou b\u00e9n\u00e9voles\u00a0 susceptibles de s\u2019impliquer dans le domaine de la pr\u00e9vention du suicide et, plus g\u00e9n\u00e9ralement, de l\u2019\u00e9coute du mal-\u00eatre sous toutes ses formes. Il a \u00e9galement pour fonction de pr\u00e9senter les diff\u00e9rentes activit\u00e9s de S.O.S Amiti\u00e9 Montpellier<\/p>\n<p><strong>Politique \u00e9ditoriale<\/strong><br \/>L\u2019ensemble des informations pr\u00e9sent\u00e9es est produit, par les commissions de communication f\u00e9d\u00e9rales ou r\u00e9gionales de S.O.S Amiti\u00e9.<\/p>\n<p><strong>Confidentialit\u00e9<\/strong><br \/>Les informations personnelles concernant les visiteurs de ce site, y compris leur identit\u00e9, sont confidentielles. Le responsable du site s\u2019engage sur l\u2019honneur \u00e0 respecter les conditions l\u00e9gales de confidentialit\u00e9 applicables en France et \u00e0 ne pas divulguer ces informations \u00e0 des tiers. Les donn\u00e9es personnelles collect\u00e9es sur le site sont stock\u00e9es sur nos serveurs et ne sont utilis\u00e9es que pour proposer des informations ou pour effectuer des enqu\u00eates dans les domaines pr\u00e9c\u00e9demment d\u00e9crits. En application des articles 39 et 40 de la loi du 6 ao\u00fbt 2004 relative \u00e0 la protection des personnes physiques \u00e0 l\u2019\u00e9gard des traitements de donn\u00e9es \u00e0 caract\u00e8re personnel, modifiant la loi num\u00e9ro 78-17 du 6 janvier 1978 relative \u00e0 l\u2019informatique, aux fichiers et aux libert\u00e9s, les visiteurs qui ont fournis des informations personnelles disposent\u00a0d\u2019un droit d\u2019acc\u00e8s, de modification, de rectification et de suppression des donn\u00e9es qui les concernent. Ils peuvent, \u00e0 tout moment, exercer ce droit. Pour cela, ils peuvent s\u2019adresser \u00e0 :<br \/>S.O.S. Amiti\u00e9 Montpellier Languedoc BP 6040 34030 MontpellierCedex 1<\/p>\n<p>T\u00e9l\u00e9phone :06 98 48 00 63 Courriel :<a href=\"mailto:direction@montpellier.sosamitie.org\" target=\"_blank\" rel=\"noopener\">direction@montpellier.<wbr \/>sosamitie.org<\/a><\/p>\n<p><strong>Droits d\u2019auteur et reprise du contenu mis en ligne<\/strong><br \/>Tous les contenus pr\u00e9sents sur le site www.sosamitie.org sont couverts par le droit d\u2019auteur. Toute reprise est d\u00e8s lors conditionn\u00e9e \u00e0 l\u2019accord de l\u2019\u00e9diteur en vertu de l\u2019article L.122-4 du Code de la Propri\u00e9t\u00e9 Intellectuelle.<\/p>\n<p>Les demandes d\u2019autorisation de reproduction d\u2019un contenu doivent \u00eatre adress\u00e9es au webmestre du site: <a href=\"mailto:direction@montpellier.sosamitie.org\" target=\"_blank\" rel=\"noopener\">direction@montpellier.<wbr \/>sosamitie.org<\/a> . La demande devra pr\u00e9ciser le contenu vis\u00e9 ainsi que le site sur lequel ce dernier figurera. Une fois cette autorisation obtenue, la reproduction d\u2019un contenu devra \u00eatre assortie de l\u2019ajout de la mention : \u00ab \u2026 paru sur le site <a href=\"https:\/\/sosamitie34.fr\/\">https:\/\/sosamitie34.fr\/<\/a> \u00bb. Cette mention pointera gr\u00e2ce \u00e0 un lien hypertexte directement sur le contenu; l\u2019ajout en bas de chaque contenu de la mention \u00ab Droits r\u00e9serv\u00e9s \u00bb. En outre, les informations utilis\u00e9es ne doivent l\u2019\u00eatre qu\u2019\u00e0 des fins personnelles, associatives ou professionnelles, toute diffusion ou utilisation \u00e0 des fins commerciales ou publicitaires \u00e9tant exclues.<\/p>\n<p>[\/et_pb_text][\/et_pb_column][\/et_pb_row][\/et_pb_section]<\/p>\n","protected":false},"excerpt":{"rendered":"<p>&nbsp; Mentions l\u00e9gales Informations \u00e9diteursLe site www.sosamitie34.fr est g\u00e9r\u00e9 par S.O.S. Amiti\u00e9 Montpellier Languedoc BP 6040 34030 MontpellierCedex 1 T\u00e9l\u00e9phone :06 98 48 00 63 Courriel:direction@montpellier.sosamitie.org Directeur de la publication :\u00a0 Jean Noel Pintard, Pr\u00e9sident H\u00e9bergementCe site est h\u00e9berg\u00e9 par OVH SAS 2 rue Kellermann &#8211; 59100 Roubaix &#8211; FranceL&rsquo;h\u00e9bergement est assur\u00e9 sur des serveurs [&hellip;]<\/p>\n","protected":false},"author":1,"featured_media":0,"parent":1954,"menu_order":0,"comment_status":"closed","ping_status":"closed","template":"","meta":{"_et_pb_use_builder":"on","_et_pb_old_content":"<strong>Informations \u00e9diteurs<\/strong>\r\nLe site www.<a href=\"https:\/\/sosamitie34.fr\/\">sosamitie.org<\/a> est g\u00e9r\u00e9 par S.O.S. Amiti\u00e9 Montpellier Languedoc BP 6040 34030 MontpellierCedex 1 T\u00e9l\u00e9phone :06 98 48 00 63 Courriel:<a href=\"mailto:direction@montpellier.sosamitie.org\" target=\"_blank\" rel=\"noopener\">direction@montpellier.<wbr \/>sosamitie.org<\/a>\r\n\r\nDirecteur de la publication :\u00a0 Jean Noel Pintard, Pr\u00e9sident\r\n\r\n<strong>H\u00e9bergement<\/strong>\r\nCe site est h\u00e9berg\u00e9 par OVH SAS 2 rue Kellermann - 59100 Roubaix - France\r\nL'h\u00e9bergement est assur\u00e9 sur des serveurs situ\u00e9s en France, garantissant la s\u00e9curit\u00e9 et la confidentialit\u00e9 des donn\u00e9es.\r\n\r\n<strong>Objectifs du site<\/strong>\r\nCe site est destin\u00e9 au grand public, aux acteurs publics ou priv\u00e9s, professionnels ou b\u00e9n\u00e9voles\u00a0 susceptibles de s\u2019impliquer dans le domaine de la pr\u00e9vention du suicide et, plus g\u00e9n\u00e9ralement, de l\u2019\u00e9coute du mal-\u00eatre sous toutes ses formes. Il a \u00e9galement pour fonction de pr\u00e9senter les diff\u00e9rentes activit\u00e9s de S.O.S Amiti\u00e9 Montpellier\r\n\r\n<strong>Politique \u00e9ditoriale<\/strong>\r\nL\u2019ensemble des informations pr\u00e9sent\u00e9es est produit, par les commissions de communication f\u00e9d\u00e9rales ou r\u00e9gionales de S.O.S Amiti\u00e9.\r\n\r\n<strong>Confidentialit\u00e9<\/strong>\r\nLes informations personnelles concernant les visiteurs de ce site, y compris leur identit\u00e9, sont confidentielles. Le responsable du site s\u2019engage sur l\u2019honneur \u00e0 respecter les conditions l\u00e9gales de confidentialit\u00e9 applicables en France et \u00e0 ne pas divulguer ces informations \u00e0 des tiers. Les donn\u00e9es personnelles collect\u00e9es sur le site sont stock\u00e9es sur nos serveurs et ne sont utilis\u00e9es que pour proposer des informations ou pour effectuer des enqu\u00eates dans les domaines pr\u00e9c\u00e9demment d\u00e9crits. En application des articles 39 et 40 de la loi du 6 ao\u00fbt 2004 relative \u00e0 la protection des personnes physiques \u00e0 l\u2019\u00e9gard des traitements de donn\u00e9es \u00e0 caract\u00e8re personnel, modifiant la loi num\u00e9ro 78-17 du 6 janvier 1978 relative \u00e0 l\u2019informatique, aux fichiers et aux libert\u00e9s, les visiteurs qui ont fournis des informations personnelles disposent\u00a0d\u2019un droit d\u2019acc\u00e8s, de modification, de rectification et de suppression des donn\u00e9es qui les concernent. Ils peuvent, \u00e0 tout moment, exercer ce droit. Pour cela, ils peuvent s\u2019adresser \u00e0 :\r\nS.O.S. Amiti\u00e9 Montpellier Languedoc BP 6040 34030 MontpellierCedex 1\r\n\r\nT\u00e9l\u00e9phone :06 98 48 00 63 Courriel :<a href=\"mailto:direction@montpellier.sosamitie.org\" target=\"_blank\" rel=\"noopener\">direction@montpellier.<wbr \/>sosamitie.org<\/a>\r\n\r\n<strong>Droits d\u2019auteur et reprise du contenu mis en ligne<\/strong>\r\nTous les contenus pr\u00e9sents sur le site www.sosamitie.org sont couverts par le droit d\u2019auteur. Toute reprise est d\u00e8s lors conditionn\u00e9e \u00e0 l\u2019accord de l\u2019\u00e9diteur en vertu de l\u2019article L.122-4 du Code de la Propri\u00e9t\u00e9 Intellectuelle.\r\n\r\nLes demandes d\u2019autorisation de reproduction d\u2019un contenu doivent \u00eatre adress\u00e9es au webmestre du site: <a href=\"mailto:direction@montpellier.sosamitie.org\" target=\"_blank\" rel=\"noopener\">direction@montpellier.<wbr \/>sosamitie.org<\/a> . La demande devra pr\u00e9ciser le contenu vis\u00e9 ainsi que le site sur lequel ce dernier figurera. Une fois cette autorisation obtenue, la reproduction d\u2019un contenu devra \u00eatre assortie de l\u2019ajout de la mention : \u00ab \u2026 paru sur le site <a href=\"https:\/\/sosamitie34.fr\/\">https:\/\/sosamitie34.fr\/<\/a> \u00bb. Cette mention pointera gr\u00e2ce \u00e0 un lien hypertexte directement sur le contenu; l\u2019ajout en bas de chaque contenu de la mention \u00ab Droits r\u00e9serv\u00e9s \u00bb. En outre, les informations utilis\u00e9es ne doivent l\u2019\u00eatre qu\u2019\u00e0 des fins personnelles, associatives ou professionnelles, toute diffusion ou utilisation \u00e0 des fins commerciales ou publicitaires \u00e9tant exclues.","_et_gb_content_width":"","footnotes":""},"class_list":["post-2113","page","type-page","status-publish","hentry"],"_links":{"self":[{"href":"https:\/\/sosamitie34.fr\/index.php?rest_route=\/wp\/v2\/pages\/2113","targetHints":{"allow":["GET"]}}],"collection":[{"href":"https:\/\/sosamitie34.fr\/index.php?rest_route=\/wp\/v2\/pages"}],"about":[{"href":"https:\/\/sosamitie34.fr\/index.php?rest_route=\/wp\/v2\/types\/page"}],"author":[{"embeddable":true,"href":"https:\/\/sosamitie34.fr\/index.php?rest_route=\/wp\/v2\/users\/1"}],"replies":[{"embeddable":true,"href":"https:\/\/sosamitie34.fr\/index.php?rest_route=%2Fwp%2Fv2%2Fcomments&post=2113"}],"version-history":[{"count":6,"href":"https:\/\/sosamitie34.fr\/index.php?rest_route=\/wp\/v2\/pages\/2113\/revisions"}],"predecessor-version":[{"id":2163,"href":"https:\/\/sosamitie34.fr\/index.php?rest_route=\/wp\/v2\/pages\/2113\/revisions\/2163"}],"up":[{"embeddable":true,"href":"https:\/\/sosamitie34.fr\/index.php?rest_route=\/wp\/v2\/pages\/1954"}],"wp:attachment":[{"href":"https:\/\/sosamitie34.fr\/index.php?rest_route=%2Fwp%2Fv2%2Fmedia&parent=2113"}],"curies":[{"name":"wp","href":"https:\/\/api.w.org\/{rel}","templated":true}]}}