{"id":1912,"date":"2025-05-11T10:54:36","date_gmt":"2025-05-11T08:54:36","guid":{"rendered":"https:\/\/sosamitie34.fr\/?page_id=1912"},"modified":"2025-10-13T17:47:28","modified_gmt":"2025-10-13T15:47:28","slug":"candidature-2025","status":"publish","type":"page","link":"https:\/\/sosamitie34.fr\/?page_id=1912","title":{"rendered":"Candidature 2025"},"content":{"rendered":"<p>[et_pb_section fb_built=\u00a0\u00bb1&Prime; _builder_version=\u00a0\u00bb4.11.2&Prime; _module_preset=\u00a0\u00bbdefault\u00a0\u00bb background_color=\u00a0\u00bb#ff5000&Prime; global_colors_info=\u00a0\u00bb{}\u00a0\u00bb][et_pb_row _builder_version=\u00a0\u00bb4.11.2&Prime; _module_preset=\u00a0\u00bbdefault\u00a0\u00bb global_colors_info=\u00a0\u00bb{}\u00a0\u00bb][et_pb_column type=\u00a0\u00bb4_4&Prime; _builder_version=\u00a0\u00bb4.11.2&Prime; _module_preset=\u00a0\u00bbdefault\u00a0\u00bb global_colors_info=\u00a0\u00bb{}\u00a0\u00bb][et_pb_image src=\u00a0\u00bbhttps:\/\/sosamitie34.fr\/wp-content\/uploads\/2025\/09\/Capture-decran-2025-09-23-a-14.39.16.png\u00a0\u00bb title_text=\u00a0\u00bbCapture d\u2019e\u0301cran 2025-09-23 a\u0300 14.39.16&Prime; align=\u00a0\u00bbcenter\u00a0\u00bb _builder_version=\u00a0\u00bb4.11.2&Prime; _module_preset=\u00a0\u00bbdefault\u00a0\u00bb width=\u00a0\u00bb60%\u00a0\u00bb global_colors_info=\u00a0\u00bb{}\u00a0\u00bb][\/et_pb_image][\/et_pb_column][\/et_pb_row][\/et_pb_section][et_pb_section fb_built=\u00a0\u00bb1&Prime; _builder_version=\u00a0\u00bb4.11.2&Prime; _module_preset=\u00a0\u00bbdefault\u00a0\u00bb global_colors_info=\u00a0\u00bb{}\u00a0\u00bb][et_pb_row _builder_version=\u00a0\u00bb4.11.2&Prime; _module_preset=\u00a0\u00bbdefault\u00a0\u00bb global_colors_info=\u00a0\u00bb{}\u00a0\u00bb][et_pb_column type=\u00a0\u00bb4_4&Prime; _builder_version=\u00a0\u00bb4.11.2&Prime; _module_preset=\u00a0\u00bbdefault\u00a0\u00bb global_colors_info=\u00a0\u00bb{}\u00a0\u00bb][et_pb_text _builder_version=\u00a0\u00bb4.11.2&Prime; _module_preset=\u00a0\u00bbdefault\u00a0\u00bb hover_enabled=\u00a0\u00bb0&Prime; global_colors_info=\u00a0\u00bb{}\u00a0\u00bb sticky_enabled=\u00a0\u00bb0&Prime;]<\/p>\n<h1>DEVENIR \u00c9COUTANT<\/h1>\n<p>[\/et_pb_text][\/et_pb_column][\/et_pb_row][et_pb_row column_structure=\u00a0\u00bb1_2,1_2&Prime; _builder_version=\u00a0\u00bb4.11.2&Prime; _module_preset=\u00a0\u00bbdefault\u00a0\u00bb global_colors_info=\u00a0\u00bb{}\u00a0\u00bb][et_pb_column type=\u00a0\u00bb1_2&Prime; _builder_version=\u00a0\u00bb4.11.2&Prime; _module_preset=\u00a0\u00bbdefault\u00a0\u00bb global_colors_info=\u00a0\u00bb{}\u00a0\u00bb][et_pb_text _builder_version=\u00a0\u00bb4.11.2&Prime; _module_preset=\u00a0\u00bbdefault\u00a0\u00bb hover_enabled=\u00a0\u00bb0&Prime; global_colors_info=\u00a0\u00bb{}\u00a0\u00bb sticky_enabled=\u00a0\u00bb0&Prime;]<\/p>\n<h2>Rejoindre S.O.S Amiti\u00e9, c\u2019est :<\/h2>\n<ul>\n<li>Faire partie des 2000 b\u00e9n\u00e9voles qui \u00e9coutent, 24h\/24, 7j\/7<\/li>\n<li>Offrir sa pr\u00e9sence, son temps et sa bienveillance<\/li>\n<li>Proposer une \u00e9coute tol\u00e9rante, sans jugement de valeur, apolitique, a-confessionnelle<\/li>\n<li>Garantir l\u2019anonymat et la confidentialit\u00e9 des \u00e9changes<\/li>\n<\/ul>\n<h2>Rejoindre S.O.S Amiti\u00e9 c\u2019est \u00e9couter autrement :<\/h2>\n<ul>\n<li>Etre l\u00e0, en pr\u00e9sence avec la personne qui appelle, en accueillant sa parole<\/li>\n<li>Aider l\u2019autre \u00e0 se sentir entendu et reconnu dans sa souffrance et son mal-\u00eatre<\/li>\n<li>Contribuer \u00e0 desserrer son angoisse<\/li>\n<li>Proposer une \u00e9coute centr\u00e9e sur la personne<\/li>\n<li>Non directivit\u00e9, empathie, neutralit\u00e9 bienveillante, accueil inconditionnel<\/li>\n<li>S\u2019ouvrir aux exp\u00e9riences des autres<\/li>\n<li>Saisir une opportunit\u00e9 d\u2019\u00e9volution personnelle<\/li>\n<\/ul>\n<h2>Rejoindre S.O.S Amiti\u00e9 c\u2019est s\u2019engager dans une d\u00e9marche :<\/h2>\n<ul>\n<li>D\u2019expression des attentes et aspirations du candidat<\/li>\n<li>De compr\u00e9hension des valeurs et principes de S.O.S Amiti\u00e9\u00a0<a href=\"https:\/\/www.sosamitie.org\/download_file\/view\/9a6a506d-cd57-43b4-8c08-9b5665e6cb11\/247\" target=\"_blank\" rel=\"noopener\">(Charte)<\/a><\/li>\n<li>De d\u00e9cision partag\u00e9e sur l\u2019engagement dans la formation<\/li>\n<\/ul>\n<h2>Rejoindre S.O.S Amiti\u00e9 c\u2019est s\u2019engager dans un parcours de formation :<\/h2>\n<ul>\n<li>Une formation initiale d\u2019environ 80 heures assur\u00e9e par des professionnels et des b\u00e9n\u00e9voles exp\u00e9riment\u00e9s<\/li>\n<li>Des apports th\u00e9oriques et des mises en situation<\/li>\n<li>Un accompagnement attentif et bienveillant<\/li>\n<li>Une d\u00e9cision partag\u00e9e sur l\u2019int\u00e9gration en tant qu\u2019\u00c9coutant de S.O.S Amiti\u00e9<\/li>\n<li>Une formation continue assur\u00e9e par des professionnels et des b\u00e9n\u00e9voles exp\u00e9riment\u00e9s<\/li>\n<li>Des th\u00e9matiques cibl\u00e9es visant l\u2019am\u00e9lioration de la qualit\u00e9 de l\u2019\u00e9coute<\/li>\n<li>Des temps obligatoires de partages mensuels sur les \u00e9coutes, en groupe, anim\u00e9s par des psychologues cliniciens<\/li>\n<\/ul>\n<h2>Int\u00e9grer S.O.S Amiti\u00e9 en tant qu\u2019\u00e9coutant c\u2019est :<\/h2>\n<ul>\n<li>Appartenir \u00e0 un groupe solidaire partageant des valeurs humanistes<\/li>\n<li>S\u2019entraider pour permettre \u00e0 S.O.S Amiti\u00e9 de remplir son r\u00f4le social<\/li>\n<li>Faire vivre l\u2019Association en mettant ses comp\u00e9tences personnelles au service du collectif.<\/li>\n<\/ul>\n<p>[\/et_pb_text][\/et_pb_column][et_pb_column type=\u00a0\u00bb1_2&Prime; _builder_version=\u00a0\u00bb4.11.2&Prime; _module_preset=\u00a0\u00bbdefault\u00a0\u00bb global_colors_info=\u00a0\u00bb{}\u00a0\u00bb][et_pb_text _builder_version=\u00a0\u00bb4.11.2&Prime; _module_preset=\u00a0\u00bbdefault\u00a0\u00bb global_colors_info=\u00a0\u00bb{}\u00a0\u00bb]<\/p>\n<h2>Candidature<\/h2>\n<p>Si vous souhaitez devenir \u00e9coutant, n\u2019h\u00e9sitez pas \u00e0 nous envoyer votre candidature\u00a0<span style=\"color: #00cdff;\"><b>par mail<\/b><\/span> via le formulaire ci-dessous&#8230;<\/p>\n<p>[\/et_pb_text][et_pb_contact_form email=\u00a0\u00bbsosamontpellier@orange.fr\u00a0\u00bb custom_message=\u00a0\u00bbMessage re\u00e7u via le site Internet sosamitie34.fr||et_pb_line_break_holder||||et_pb_line_break_holder||NOM : %%Name%%||et_pb_line_break_holder||MAIL : %%Email%%||et_pb_line_break_holder||TEL : %%Tel%%||et_pb_line_break_holder||MESSAGE : %%Message%%\u00a0\u00bb _builder_version=\u00a0\u00bb4.11.2&Prime; _module_preset=\u00a0\u00bbdefault\u00a0\u00bb hover_enabled=\u00a0\u00bb0&Prime; global_colors_info=\u00a0\u00bb{}\u00a0\u00bb sticky_enabled=\u00a0\u00bb0&Prime;][et_pb_contact_field field_id=\u00a0\u00bbName\u00a0\u00bb field_title=\u00a0\u00bbNom (champ obligatoire)\u00a0\u00bb max_length=\u00a0\u00bb75&Prime; _builder_version=\u00a0\u00bb4.11.2&Prime; global_colors_info=\u00a0\u00bb{}\u00a0\u00bb button_text_size__hover_enabled=\u00a0\u00bboff\u00a0\u00bb button_one_text_size__hover_enabled=\u00a0\u00bboff\u00a0\u00bb button_two_text_size__hover_enabled=\u00a0\u00bboff\u00a0\u00bb button_text_color__hover_enabled=\u00a0\u00bboff\u00a0\u00bb button_one_text_color__hover_enabled=\u00a0\u00bboff\u00a0\u00bb button_two_text_color__hover_enabled=\u00a0\u00bboff\u00a0\u00bb button_border_width__hover_enabled=\u00a0\u00bboff\u00a0\u00bb button_one_border_width__hover_enabled=\u00a0\u00bboff\u00a0\u00bb button_two_border_width__hover_enabled=\u00a0\u00bboff\u00a0\u00bb button_border_color__hover_enabled=\u00a0\u00bboff\u00a0\u00bb button_one_border_color__hover_enabled=\u00a0\u00bboff\u00a0\u00bb button_two_border_color__hover_enabled=\u00a0\u00bboff\u00a0\u00bb button_border_radius__hover_enabled=\u00a0\u00bboff\u00a0\u00bb button_one_border_radius__hover_enabled=\u00a0\u00bboff\u00a0\u00bb button_two_border_radius__hover_enabled=\u00a0\u00bboff\u00a0\u00bb button_letter_spacing__hover_enabled=\u00a0\u00bboff\u00a0\u00bb button_one_letter_spacing__hover_enabled=\u00a0\u00bboff\u00a0\u00bb button_two_letter_spacing__hover_enabled=\u00a0\u00bboff\u00a0\u00bb button_bg_color__hover_enabled=\u00a0\u00bboff\u00a0\u00bb button_one_bg_color__hover_enabled=\u00a0\u00bboff\u00a0\u00bb button_two_bg_color__hover_enabled=\u00a0\u00bboff\u00a0\u00bb][\/et_pb_contact_field][et_pb_contact_field field_id=\u00a0\u00bbEmail\u00a0\u00bb field_title=\u00a0\u00bbAdresse e-mail (champ obligatoire)\u00a0\u00bb field_type=\u00a0\u00bbemail\u00a0\u00bb _builder_version=\u00a0\u00bb4.11.2&Prime; global_colors_info=\u00a0\u00bb{}\u00a0\u00bb button_text_size__hover_enabled=\u00a0\u00bboff\u00a0\u00bb button_one_text_size__hover_enabled=\u00a0\u00bboff\u00a0\u00bb button_two_text_size__hover_enabled=\u00a0\u00bboff\u00a0\u00bb button_text_color__hover_enabled=\u00a0\u00bboff\u00a0\u00bb button_one_text_color__hover_enabled=\u00a0\u00bboff\u00a0\u00bb button_two_text_color__hover_enabled=\u00a0\u00bboff\u00a0\u00bb button_border_width__hover_enabled=\u00a0\u00bboff\u00a0\u00bb button_one_border_width__hover_enabled=\u00a0\u00bboff\u00a0\u00bb button_two_border_width__hover_enabled=\u00a0\u00bboff\u00a0\u00bb button_border_color__hover_enabled=\u00a0\u00bboff\u00a0\u00bb button_one_border_color__hover_enabled=\u00a0\u00bboff\u00a0\u00bb button_two_border_color__hover_enabled=\u00a0\u00bboff\u00a0\u00bb button_border_radius__hover_enabled=\u00a0\u00bboff\u00a0\u00bb button_one_border_radius__hover_enabled=\u00a0\u00bboff\u00a0\u00bb button_two_border_radius__hover_enabled=\u00a0\u00bboff\u00a0\u00bb button_letter_spacing__hover_enabled=\u00a0\u00bboff\u00a0\u00bb button_one_letter_spacing__hover_enabled=\u00a0\u00bboff\u00a0\u00bb button_two_letter_spacing__hover_enabled=\u00a0\u00bboff\u00a0\u00bb button_bg_color__hover_enabled=\u00a0\u00bboff\u00a0\u00bb button_one_bg_color__hover_enabled=\u00a0\u00bboff\u00a0\u00bb button_two_bg_color__hover_enabled=\u00a0\u00bboff\u00a0\u00bb][\/et_pb_contact_field][et_pb_contact_field field_id=\u00a0\u00bbTel\u00a0\u00bb field_title=\u00a0\u00bbT\u00e9l\u00e9phone (champ obligatoire pour \u00eatre rappel\u00e9(e))\u00a0\u00bb max_length=\u00a0\u00bb32&Prime; fullwidth_field=\u00a0\u00bbon\u00a0\u00bb _builder_version=\u00a0\u00bb4.11.2&Prime; _module_preset=\u00a0\u00bbdefault\u00a0\u00bb global_colors_info=\u00a0\u00bb{}\u00a0\u00bb][\/et_pb_contact_field][et_pb_contact_field field_id=\u00a0\u00bbMessage\u00a0\u00bb field_title=\u00a0\u00bbMessage\u00a0\u00bb field_type=\u00a0\u00bbtext\u00a0\u00bb fullwidth_field=\u00a0\u00bbon\u00a0\u00bb _builder_version=\u00a0\u00bb4.11.2&Prime; global_colors_info=\u00a0\u00bb{}\u00a0\u00bb button_text_size__hover_enabled=\u00a0\u00bboff\u00a0\u00bb button_one_text_size__hover_enabled=\u00a0\u00bboff\u00a0\u00bb button_two_text_size__hover_enabled=\u00a0\u00bboff\u00a0\u00bb button_text_color__hover_enabled=\u00a0\u00bboff\u00a0\u00bb button_one_text_color__hover_enabled=\u00a0\u00bboff\u00a0\u00bb button_two_text_color__hover_enabled=\u00a0\u00bboff\u00a0\u00bb button_border_width__hover_enabled=\u00a0\u00bboff\u00a0\u00bb button_one_border_width__hover_enabled=\u00a0\u00bboff\u00a0\u00bb button_two_border_width__hover_enabled=\u00a0\u00bboff\u00a0\u00bb button_border_color__hover_enabled=\u00a0\u00bboff\u00a0\u00bb button_one_border_color__hover_enabled=\u00a0\u00bboff\u00a0\u00bb button_two_border_color__hover_enabled=\u00a0\u00bboff\u00a0\u00bb button_border_radius__hover_enabled=\u00a0\u00bboff\u00a0\u00bb button_one_border_radius__hover_enabled=\u00a0\u00bboff\u00a0\u00bb button_two_border_radius__hover_enabled=\u00a0\u00bboff\u00a0\u00bb button_letter_spacing__hover_enabled=\u00a0\u00bboff\u00a0\u00bb button_one_letter_spacing__hover_enabled=\u00a0\u00bboff\u00a0\u00bb button_two_letter_spacing__hover_enabled=\u00a0\u00bboff\u00a0\u00bb button_bg_color__hover_enabled=\u00a0\u00bboff\u00a0\u00bb button_one_bg_color__hover_enabled=\u00a0\u00bboff\u00a0\u00bb button_two_bg_color__hover_enabled=\u00a0\u00bboff\u00a0\u00bb][\/et_pb_contact_field][\/et_pb_contact_form][et_pb_text _builder_version=\u00a0\u00bb4.11.2&Prime; _module_preset=\u00a0\u00bbdefault\u00a0\u00bb hover_enabled=\u00a0\u00bb0&Prime; global_colors_info=\u00a0\u00bb{}\u00a0\u00bb sticky_enabled=\u00a0\u00bb0&Prime;]<\/p>\n<p>&#8230; <span style=\"color: #eb00ff;\"><strong>par courrier<\/strong><\/span> \u00e0 l&rsquo;adresse :<\/p>\n<div><strong>S.O.S. Amiti\u00e9 Montpellier Languedoc<\/strong><br \/><strong>BP 6040<\/strong><\/div>\n<div>34030 Montpellier<\/div>\n<div>Cedex 1<\/div>\n<div>\u00a0<\/div>\n<div>&#8230; <span style=\"color: #00cd5a;\"><strong>par t\u00e9l\u00e9phone<\/strong><\/span> au 06 98 48 00 63 (laisser un message)<\/div>\n<p>[\/et_pb_text][\/et_pb_column][\/et_pb_row][\/et_pb_section]<\/p>\n","protected":false},"excerpt":{"rendered":"<p>DEVENIR \u00c9COUTANTRejoindre S.O.S Amiti\u00e9, c\u2019est : Faire partie des 2000 b\u00e9n\u00e9voles qui \u00e9coutent, 24h\/24, 7j\/7 Offrir sa pr\u00e9sence, son temps et sa bienveillance Proposer une \u00e9coute tol\u00e9rante, sans jugement de valeur, apolitique, a-confessionnelle Garantir l\u2019anonymat et la confidentialit\u00e9 des \u00e9changes Rejoindre S.O.S Amiti\u00e9 c\u2019est \u00e9couter autrement : Etre l\u00e0, en pr\u00e9sence avec la personne qui [&hellip;]<\/p>\n","protected":false},"author":1,"featured_media":0,"parent":0,"menu_order":0,"comment_status":"closed","ping_status":"closed","template":"","meta":{"_et_pb_use_builder":"on","_et_pb_old_content":"","_et_gb_content_width":"","footnotes":""},"class_list":["post-1912","page","type-page","status-publish","hentry"],"_links":{"self":[{"href":"https:\/\/sosamitie34.fr\/index.php?rest_route=\/wp\/v2\/pages\/1912","targetHints":{"allow":["GET"]}}],"collection":[{"href":"https:\/\/sosamitie34.fr\/index.php?rest_route=\/wp\/v2\/pages"}],"about":[{"href":"https:\/\/sosamitie34.fr\/index.php?rest_route=\/wp\/v2\/types\/page"}],"author":[{"embeddable":true,"href":"https:\/\/sosamitie34.fr\/index.php?rest_route=\/wp\/v2\/users\/1"}],"replies":[{"embeddable":true,"href":"https:\/\/sosamitie34.fr\/index.php?rest_route=%2Fwp%2Fv2%2Fcomments&post=1912"}],"version-history":[{"count":20,"href":"https:\/\/sosamitie34.fr\/index.php?rest_route=\/wp\/v2\/pages\/1912\/revisions"}],"predecessor-version":[{"id":2053,"href":"https:\/\/sosamitie34.fr\/index.php?rest_route=\/wp\/v2\/pages\/1912\/revisions\/2053"}],"wp:attachment":[{"href":"https:\/\/sosamitie34.fr\/index.php?rest_route=%2Fwp%2Fv2%2Fmedia&parent=1912"}],"curies":[{"name":"wp","href":"https:\/\/api.w.org\/{rel}","templated":true}]}}